uppose 0 = o*w - 2*l - 384, -l - 231 = -3*w - 0*w. Calculate the highest common divisor of w and 52.
26
Let x be 3 - (7 - (1 + 2)). Let w = x - -4. Let h(k) = -k**2 + 4*k + 2. Let a be h(w). Calculate the highest common factor of 55 and a.
5
Let q = 1659 + -1643. What is the highest common factor of 360 and q?
8
Let v(m) = -m**2 + 15*m + 529. Let w be v(-16). Calculate the greatest common divisor of 2607 and w.
33
Suppose 11*w - 24 = -w. Let q(j) = 8*j + 26*j - 1 + 3. Let u be q(w). What is the greatest common factor of 35 and u?
35
Let n(w) = w + 58. Let z be n(-6). Suppose -4*f + 0*f = 4*h - 324, 2*f - 141 = 5*h. What is the highest common factor of f and z?
26
Suppose 5*h = -3*q + 116 + 501, 3*h + 5*q = 367. Calculate the highest common factor of 155 and h.
31
Let r = 1217 + -1085. What is the highest common divisor of 165 and r?
33
Suppose 4*z - 2022 = 2*j, 3*z - 2*j - 2530 = -2*z. Let d = -212 + z. Calculate the highest common factor of 37 and d.
37
Let u be (2 + (-190)/(-40))*12. What is the highest common factor of 6 and u?
3
Let j(v) be the second derivative of 2*v**3/3 + 3*v**2 - 36*v. Let b be j(0). What is the greatest common divisor of 4 and b?
2
Let x(n) = -108*n**3 + n**2 + 16*n + 14. Let t be x(-1). Calculate the highest common factor of 1177 and t.
107
Suppose -3*z + 1 = -17. Suppose z = y - 29. What is the greatest common factor of 5 and y?
5
Let w = -881 - -941. What is the highest common factor of 50 and w?
10
Suppose 0*m = -h - 2*m + 2, 4*h - 8 = -4*m. Suppose 4*l + 5*d = 245, 5*l + 0*d = -h*d + 302. What is the highest common factor of l and 24?
12
Suppose 4*j + 6 = j. Let y be j + 6 + -2 - -46. Let k be -15*(y/20 - 3). What is the highest common factor of 9 and k?
9
Let p = 678 - 659. Calculate the greatest common factor of p and 76.
19
Let m(v) = -v**3 - v**2 - 6*v + 18. Let f(r) = -r - 1. Let x(i) = -4*f(i) + m(i). Let a be x(0). Calculate the greatest common divisor of 2 and a.
2
Let h be (-3)/2*(-11 - 1 - 14). Calculate the highest common divisor of h and 741.
39
Let p(o) = 2*o**2 + 13*o - 48. Suppose -5*i = 23 + 37. Let c be p(i). What is the highest common factor of c and 21?
21
Let r be (-2)/(-32) - (-311559)/656. Calculate the greatest common divisor of r and 19.
19
Let k = 121 - 73. Let t = k + -3. Calculate the highest common divisor of t and 5.
5
Suppose 3*x - 117 = 2*n, 4*x = 5*n + 11 + 278. Let y be 4/20*n*-5. Calculate the highest common divisor of y and 285.
57
Let w = 226 - 330. Suppose 3*d + 5*o + 136 = 1081, -2*d + 2*o + 646 = 0. Let j = d + w. What is the highest common divisor of 24 and j?
24
Let b(q) = -q**3 + 10*q**2 - 14*q + 10. Let o be (-3 - -1) + 11 + 1 - 2. Let i be b(o). What is the greatest common factor of 52 and i?
26
Let s(g) = -2*g**2 + 72*g - 64. Let c be s(35). Let z = 2 + 2. Calculate the greatest common factor of c and z.
2
Let w(p) = p**3 + 2*p**2 - 2*p + 3. Let i be w(2). Let s(x) = 156*x**2 + 5*x - 1. Let a be s(-1). What is the highest common factor of i and a?
15
Let z be (-561)/(-27) + 14/63. Calculate the highest common divisor of z and 91.
7
Let q(f) = 94*f**3 + 2. Let r be q(2). What is the highest common divisor of 58 and r?
58
Let r be (-9)/((-90)/5276) + (-4)/(-10). Calculate the highest common factor of r and 48.
48
Suppose -20 = -a + i + 3*i, -5*a + 15 = -3*i. Let n be (-4 - -2 - a) + -10 + 38. Calculate the highest common divisor of 65 and n.
13
Suppose -2*i + 39 = -98*f + 97*f, -97 = -5*i + 2*f. Let o be (-1)/3*(-3)/1. What is the greatest common factor of o and i?
1
Suppose 3*m - w = -59, -6*w + 58 = -3*m - 4*w. Let k be (56/12)/((m/(-6))/5). What is the highest common factor of 49 and k?
7
Suppose 0 = 9*i - 29 - 223. What is the highest common factor of i and 182?
14
Suppose 2*z - 7*z = -30. Let j be (z/(-5))/((-12)/80). Calculate the greatest common divisor of j and 40.
8
Let j = 2 - -44. Let w = -24 + j. Let m = 25 - 14. What is the highest common factor of w and m?
11
Suppose 2*r = 10 - 4. Suppose -13 + 10 = -r*u. What is the greatest common factor of 7 and u?
1
Let o be (-10)/(-4)*(-96)/(-30). Let i(s) = s**2 + 17*s + 20. Let f be i(-16). Calculate the highest common factor of f and o.
4
Let v(x) = 4*x + 22. Let k be v(0). Let t be 7 + -5 + 0 + k. Calculate the highest common factor of t and 48.
24
Suppose -x - 7 = -2*j + 21, x + 41 = 3*j. Let a be (j + 1)*(0 - -1). Let v = 131 + -129. Calculate the highest common divisor of a and v.
2
Let p(s) = 8*s + 11. Let g be p(8). Let j = 2 + 157. Suppose -3*r + 3*l + j = 0, -3*l - 259 = 4*r - 9*r. What is the highest common factor of r and g?
25
Let r(x) = x - 7. Let q be r(9). Let o(s) = 4*s**2 - s + 1. Let c be o(q). Calculate the greatest common factor of c and 5.
5
Suppose 2*w = -38*t + 37*t + 33, 4*w = -4*t + 68. Calculate the greatest common divisor of 36 and w.
4
Suppose -4*u - 245 - 39 = -4*t, 2*u - 314 = -4*t. Calculate the greatest common factor of t and 608.
76
Let r(b) = 4*b**3 + 29*b**2 + 4*b + 5. Let x be r(-7). Calculate the highest common divisor of 2 and x.
2
Let y = 638 + 341. Calculate the greatest common divisor of 11 and y.
11
Let a = 15 + -13. Suppose -33 = a*l - 129. Let w(v) = -v**3 - 5*v**2 + 4*v - 6. Let j be w(-6). Calculate the greatest common factor of j and l.
6
Let g(a) = -a + 27. Let z be g(18). Calculate the highest common factor of 9 and z.
9
Let l = 188 - 341. Let a(u) = 11*u + 1. Let v be a(4). Let y be l/(-5) - 27/v. What is the highest common divisor of y and 20?
10
Let c(y) = 2*y + 2*y + 4*y + 32 + 2*y. Let o be c(15). What is the greatest common divisor of 26 and o?
26
Suppose 8*t + 40 = 13*t. Suppose -61 = 4*k + s - 12, -3*k + 2*s = 45. Let w = k - -37. What is the highest common divisor of w and t?
8
Suppose 2*x - 6 = -n, -4*n + 7 = 4*x - 5. Suppose n*h - o - 446 = -4*h, -3*o = -3*h + 330. What is the greatest common factor of 14 and h?
14
Suppose -5*k + 280 = 5*h, -3*h + 0*k - 2*k + 172 = 0. Let s = 6 - -6. Calculate the highest common divisor of h and s.
12
Let a = -2546 - -3904. What is the greatest common factor of 14 and a?
14
Let o = -39 + 108. Let b be 1*46*((-3)/6 - -1). Calculate the greatest common divisor of b and o.
23
Suppose 83 = -6*d + 89. Calculate the greatest common factor of 29 and d.
1
Let q(t) = -t**2 + 10*t + 88. Let x be q(14). Calculate the greatest common factor of x and 20.
4
Suppose -2*l = -3*n + 2*n + 20, l = 0. What is the highest common factor of n and 8?
4
Suppose -18*g = 6*g - 2112. What is the greatest common divisor of g and 572?
44
Let w(o) = o**3 - 13*o**2 + 12*o + 16. Let q be w(12). What is the highest common divisor of 208 and q?
16
Suppose -5*u + 2*u = -294. Suppose 0 = -19*k + 10*k + 162. Suppose 6*q - k = 66. What is the highest common factor of u and q?
14
Suppose -10*f + 1104 = -4*f. Suppose -2*s + 0*s + f = 0. What is the highest common factor of s and 23?
23
Let p = -430 - -474. What is the highest common factor of 4 and p?
4
Let y be -3 + 1 - (1 - -1). Let s(f) = f**3 + 5*f**2 + 3*f - 2. Let t be s(y). Suppose 180 = t*p + 2*p. What is the highest common factor of 18 and p?
9
Let s = -3 + 12. Let n be ((-7)/14)/((-9)/108). What is the greatest common divisor of n and s?
3
Suppose 10*c - 12*c - 2 = 0. Let m be 3 + (-117)/(-2) + c/2. What is the greatest common divisor of m and 488?
61
Suppose 0 = 3*z - 12. Let v be 7/(14/z) - -1. Suppose 2*a + 2*u - 2 = 0, -5*a - v*u + 2*u + 17 = 0. What is the greatest common divisor of 44 and a?
4
Suppose -3*w = 432 - 549. Calculate the highest common factor of 12 and w.
3
Let j be (76/(-2))/(36/(-288)). What is the highest common factor of 19 and j?
19
Let f be 54/(63/7) - (0 - -4). Suppose 3*u + u - 20 = 0. What is the highest common divisor of f and u?
1
Let w be (2 + 73)/3 + -1. Suppose -1 - w = -u. Calculate the greatest common divisor of u and 50.
25
Suppose -19*z = -15*z + 4*d - 136, 0 = 2*d. Calculate the greatest common divisor of 1139 and z.
17
Let b = 6 - -13. Suppose b + 1 = r. Suppose 2*k - 2665*x - 90 = -2670*x, -3*k + 130 = 5*x. Calculate the highest common divisor of k and r.
20
Let v be ((-6)/(-4))/((-3)/8). Let g be 10/(v/16*2). Let k = g - -36. What is the greatest common divisor of 4 and k?
4
Let k = -7 + 10. Let w be (-3)/(129/(-153) + 2/k). What is the highest common factor o